{"id":120,"date":"2015-05-06T13:43:05","date_gmt":"2015-05-06T13:43:05","guid":{"rendered":"http:\/\/swiss-cow-index.ch\/?page_id=120"},"modified":"2026-03-31T06:55:56","modified_gmt":"2026-03-31T06:55:56","slug":"index","status":"publish","type":"page","link":"https:\/\/swiss-cow-index.ch\/?page_id=120","title":{"rendered":"Index"},"content":{"rendered":"<p>[et_pb_section fb_built=&#8220;1&#8243; _builder_version=&#8220;3.0.47&#8243;][et_pb_row _builder_version=&#8220;3.0.47&#8243; background_size=&#8220;initial&#8220; background_position=&#8220;top_left&#8220; background_repeat=&#8220;repeat&#8220;][et_pb_column type=&#8220;4_4&#8243; _builder_version=&#8220;3.0.47&#8243; parallax=&#8220;off&#8220; parallax_method=&#8220;on&#8220;][et_pb_blurb title=&#8220;Neuheit: %22Swiss Index monet\u00e4r%22 &#8220; admin_label=&#8220;Informationstext&#8220; _builder_version=&#8220;3.0.87&#8243; header_text_color=&#8220;#ffffff&#8220; header_font_size=&#8220;25&#8243; header_letter_spacing=&#8220;2px&#8220; header_line_height=&#8220;2em&#8220; body_line_height=&#8220;2em&#8220; background_color=&#8220;#009ee3&#8243; background_size=&#8220;initial&#8220; background_position=&#8220;top_left&#8220; background_repeat=&#8220;repeat&#8220; text_orientation=&#8220;center&#8220; use_border_color=&#8220;off&#8220; border_color=&#8220;#ffffff&#8220; border_style=&#8220;solid&#8220;][\/et_pb_blurb][\/et_pb_column][\/et_pb_row][et_pb_row custom_padding=&#8220;13px|0px|0|0px|false|false&#8220; _builder_version=&#8220;3.0.47&#8243; background_size=&#8220;initial&#8220; background_position=&#8220;top_left&#8220; background_repeat=&#8220;repeat&#8220;][et_pb_column type=&#8220;4_4&#8243; _builder_version=&#8220;3.0.47&#8243; parallax=&#8220;off&#8220; parallax_method=&#8220;on&#8220;][et_pb_text admin_label=&#8220;Text&#8220; _builder_version=&#8220;3.18&#8243; text_line_height=&#8220;2em&#8220; background_size=&#8220;initial&#8220; background_position=&#8220;top_left&#8220; background_repeat=&#8220;repeat&#8220; text_orientation=&#8220;center&#8220; module_alignment=&#8220;center&#8220; use_border_color=&#8220;off&#8220; border_color=&#8220;#ffffff&#8220; border_style=&#8220;solid&#8220;]<\/p>\n<p><strong>Auf dem Weg zu dieser neuen Kuh, braucht es eine neue Wahl und Gewichtung der f\u00fcr die Zucht relevanten Merkmale.\u00a0<\/strong><\/p>\n<p><strong>Als Teilprojekt des Innosuisse-Projektes &#8222;Wiesenmilch plus&#8220; konnte die IG Neue Schweizer Kuh zusammen mit der IP Suisse und der HAFL eine fundierte Grundlage f\u00fcr die Zucht erstellen. Die Rohdaten von 37 Milchwirtschaftsbetrieben die graslandbasierte Milch produzieren, flossen in eine wissenschaftliche Arbeit ein. Entstanden daraus ist der erste monet\u00e4re Zuchtwert, welcher den wirtschaftlichen Mehrwert der passenden Genetik in Franken pro Jahr aufzeigt.<\/strong><\/p>\n<p>[\/et_pb_text][\/et_pb_column][\/et_pb_row][et_pb_row _builder_version=&#8220;3.0.47&#8243; background_size=&#8220;initial&#8220; background_position=&#8220;top_left&#8220; background_repeat=&#8220;repeat&#8220;][et_pb_column type=&#8220;4_4&#8243; _builder_version=&#8220;3.0.47&#8243; parallax=&#8220;off&#8220; parallax_method=&#8220;on&#8220;][et_pb_blurb title=&#8220;Die Grundlage&#8220; admin_label=&#8220;Informationstext&#8220; _builder_version=&#8220;3.0.87&#8243; header_text_color=&#8220;#ffffff&#8220; header_font_size=&#8220;25&#8243; header_letter_spacing=&#8220;2px&#8220; header_line_height=&#8220;2em&#8220; body_line_height=&#8220;2em&#8220; background_color=&#8220;#009ee3&#8243; background_size=&#8220;initial&#8220; background_position=&#8220;top_left&#8220; background_repeat=&#8220;repeat&#8220; text_orientation=&#8220;center&#8220; use_border_color=&#8220;off&#8220; border_color=&#8220;#ffffff&#8220; border_style=&#8220;solid&#8220;][\/et_pb_blurb][\/et_pb_column][\/et_pb_row][et_pb_row _builder_version=&#8220;3.18&#8243;][et_pb_column type=&#8220;4_4&#8243; _builder_version=&#8220;3.18&#8243; parallax=&#8220;off&#8220; parallax_method=&#8220;on&#8220;][et_pb_text _builder_version=&#8220;3.18&#8243;]<\/p>\n<p>Als Grundlage f\u00fcr die Sch\u00e4tzung des SWI monet\u00e4r dient ein Modell, das den vergleichbaren Deckungsbeitrag pro Kuh und Jahr kalkuliert. Einen grossen Einfluss hat erwartungsgem\u00e4ss der Milcherl\u00f6s, abh\u00e4ngig von der Milchmenge und den Milchgehalten. Zudem wird ber\u00fccksichtigt, wenn Milch aufgrund von Euterbehandlungen oder hohen Zellzahlen nicht verkauft werden kann.<\/p>\n<p>Der Erl\u00f6s Tierverkauf h\u00e4ngt vor allem von der Nutzungsdauer und der Zwischenkalbezeit ab. Die Remontierungskosten sind ebenfalls ber\u00fccksichtigt und werden von der Nutzungsdauer und dem Erstkalbealter gepr\u00e4gt.<\/p>\n<p>Die Kosten f\u00fcr Erg\u00e4nzungsfutter fliessen leistungsabh\u00e4ngig und die Besamungskosten aufgrund der Anzahl Besamungen in die Sch\u00e4tzung ein. Die Tierarztkosten werden basierend auf den erfolgten Behandlungen ber\u00fccksichtigt.<\/p>\n<p>Die genauen Zusammenh\u00e4nge k\u00f6nnen Sie in der wissenschaftlichen <a href=\"https:\/\/swiss-cow-index.ch\/wp-content\/uploads\/2025\/03\/000-000_Joerg_Nutztiere_DE_abz2.pdf\" target=\"_blank\" rel=\"noopener noreferrer\">Studie<\/a> nachlesen.<\/p>\n<p>[\/et_pb_text][\/et_pb_column][\/et_pb_row][et_pb_row _builder_version=&#8220;3.18&#8243; background_size=&#8220;initial&#8220; background_position=&#8220;top_left&#8220; background_repeat=&#8220;repeat&#8220;][et_pb_column type=&#8220;4_4&#8243; _builder_version=&#8220;3.0.47&#8243; parallax=&#8220;off&#8220; parallax_method=&#8220;on&#8220;][et_pb_blurb title=&#8220;Die neue Gewichtung f\u00fcr Milch- und Zweinutzungsrassen&#8220; admin_label=&#8220;Informationstext&#8220; _builder_version=&#8220;3.0.87&#8243; header_text_color=&#8220;#ffffff&#8220; header_font_size=&#8220;25&#8243; header_letter_spacing=&#8220;2px&#8220; header_line_height=&#8220;2em&#8220; body_line_height=&#8220;2em&#8220; background_color=&#8220;#009ee3&#8243; background_size=&#8220;initial&#8220; background_position=&#8220;top_left&#8220; background_repeat=&#8220;repeat&#8220; text_orientation=&#8220;center&#8220; use_border_color=&#8220;off&#8220; border_color=&#8220;#ffffff&#8220; border_style=&#8220;solid&#8220;][\/et_pb_blurb][\/et_pb_column][\/et_pb_row][et_pb_row _builder_version=&#8220;3.18&#8243;][et_pb_column type=&#8220;1_2&#8243; _builder_version=&#8220;3.18&#8243; parallax=&#8220;off&#8220; parallax_method=&#8220;on&#8220;][et_pb_image src=&#8220;https:\/\/swiss-cow-index.ch\/wp-content\/uploads\/2022\/01\/SWI-Milch.jpg&#8220; show_in_lightbox=&#8220;on&#8220; _builder_version=&#8220;3.18&#8243;][\/et_pb_image][\/et_pb_column][et_pb_column type=&#8220;1_2&#8243; _builder_version=&#8220;3.18&#8243; parallax=&#8220;off&#8220; parallax_method=&#8220;on&#8220;][et_pb_image src=&#8220;https:\/\/swiss-cow-index.ch\/wp-content\/uploads\/2022\/01\/SWI-Zweinutzung.jpg&#8220; show_in_lightbox=&#8220;on&#8220; _builder_version=&#8220;3.18&#8243;][\/et_pb_image][\/et_pb_column][\/et_pb_row][et_pb_row _builder_version=&#8220;3.18&#8243;][et_pb_column type=&#8220;4_4&#8243; _builder_version=&#8220;3.18&#8243; parallax=&#8220;off&#8220; parallax_method=&#8220;on&#8220;][et_pb_text _builder_version=&#8220;3.18&#8243;]<\/p>\n<p>Im Rahmen der Weiterentwicklung des SWI wurden die Gewichte der ber\u00fccksichtigten Merkmale angepasst. Die Milchproduktionsmerkmale sind in der Summe leicht h\u00f6her gewichtet als beim bisherigen SWI (20% anstelle 17%).<\/p>\n<p>Die Fitnessmerkale haben in der Summe die gleiche Gewichtung (48%). Die Nutzungsdauer verliert an Gewicht, daf\u00fcr werden die Hauptabgangsursachen Fruchtbarkeit und Eutergesundheit st\u00e4rker ber\u00fccksichtigt. F\u00fcr die Eutergesundheit fliesst nebst der Zellzahl neu auch die Mastitisresistenz ein.<\/p>\n<p>Die Exterieurmerkmale verlieren etwas an Gewicht (-3%). Die Kreuzbeinh\u00f6he beh\u00e4lt ihre hoch negative Gewichtung, da vor allem die Umbaukosten f\u00fcr den Stall die Kosten in die H\u00f6he treiben.<\/p>\n<p style=\"text-align: left;\">F\u00fcr die Zweinutzungsrassen wird neu der Fleischindex ber\u00fccksichtigt (6%), daf\u00fcr wird hier die Kreuzbeinh\u00f6he entsprechend weniger gewichtet.<\/p>\n<p>[\/et_pb_text][\/et_pb_column][\/et_pb_row][et_pb_row _builder_version=&#8220;3.18&#8243;][et_pb_column type=&#8220;4_4&#8243; _builder_version=&#8220;3.18&#8243; parallax=&#8220;off&#8220; parallax_method=&#8220;on&#8220;][et_pb_blurb title=&#8220;Die Unterschiede&#8220; admin_label=&#8220;Informationstext&#8220; _builder_version=&#8220;3.0.87&#8243; header_text_color=&#8220;#ffffff&#8220; header_font_size=&#8220;25&#8243; header_letter_spacing=&#8220;2px&#8220; header_line_height=&#8220;2em&#8220; body_line_height=&#8220;2em&#8220; background_color=&#8220;#009ee3&#8243; background_size=&#8220;initial&#8220; background_position=&#8220;top_left&#8220; background_repeat=&#8220;repeat&#8220; text_orientation=&#8220;center&#8220; use_border_color=&#8220;off&#8220; border_color=&#8220;#ffffff&#8220; border_style=&#8220;solid&#8220;][\/et_pb_blurb][\/et_pb_column][\/et_pb_row][et_pb_row _builder_version=&#8220;3.18&#8243;][et_pb_column type=&#8220;2_5&#8243; _builder_version=&#8220;3.18&#8243; parallax=&#8220;off&#8220; parallax_method=&#8220;on&#8220;][et_pb_text _builder_version=&#8220;3.18&#8243;]<\/p>\n<p>Gegen\u00fcber dem ISET von Holstein\/Redholstein ist im SWI monet\u00e4r die Gr\u00f6sse stark negativ gewichtet. Die Gesundheitsmerkmale, allen voran Persistenz und die Mastitisresistenz fliessen in den SWI monet\u00e4r ein. Dagegen fliesst die Produktion mit Milch und Gehalt weniger stark in den SWI ein.<\/p>\n<p>[\/et_pb_text][\/et_pb_column][et_pb_column type=&#8220;3_5&#8243; _builder_version=&#8220;3.18&#8243; parallax=&#8220;off&#8220; parallax_method=&#8220;on&#8220;][et_pb_image src=&#8220;https:\/\/swiss-cow-index.ch\/wp-content\/uploads\/2022\/01\/HO-Stand-2022-Jan.jpg&#8220; show_in_lightbox=&#8220;on&#8220; _builder_version=&#8220;3.18&#8243;][\/et_pb_image][\/et_pb_column][\/et_pb_row][et_pb_row _builder_version=&#8220;3.18&#8243;][et_pb_column type=&#8220;3_5&#8243; _builder_version=&#8220;3.18&#8243; parallax=&#8220;off&#8220; parallax_method=&#8220;on&#8220;][et_pb_image src=&#8220;https:\/\/swiss-cow-index.ch\/wp-content\/uploads\/2022\/01\/SF-Stand-2022-Jan.jpg&#8220; show_in_lightbox=&#8220;on&#8220; _builder_version=&#8220;3.18&#8243;][\/et_pb_image][\/et_pb_column][et_pb_column type=&#8220;2_5&#8243; _builder_version=&#8220;3.18&#8243; parallax=&#8220;off&#8220; parallax_method=&#8220;on&#8220;][et_pb_text _builder_version=&#8220;3.18&#8243;]<\/p>\n<p>Gegen\u00fcber dem ISET von Swiss Fleckvieh werden Fitnessmerkmale mit Mastitisresistenz, Fruchtbarkeit und Persistenz klar st\u00e4rker gewichtet. Im SWI monet\u00e4r wird im Gegensatz zum ISET die Gr\u00f6sse klar negativ gewichtet.<\/p>\n<p>[\/et_pb_text][\/et_pb_column][\/et_pb_row][et_pb_row _builder_version=&#8220;3.18&#8243;][et_pb_column type=&#8220;1_3&#8243; _builder_version=&#8220;3.18&#8243; parallax=&#8220;off&#8220; parallax_method=&#8220;on&#8220;][et_pb_text _builder_version=&#8220;3.18&#8243;]<\/p>\n<p>Weiterhin unterscheiden sich der WZW von Brownswiss und der SWI monet\u00e4r sehr gering. Mit dem SWI monet\u00e4r werden die Produktionsmerkmale geringer gewichtet. Daf\u00fcr sollen Tiere, welche St\u00e4rken bei den Zellzahlen, der Fruchtbarkeit und mittlerer Gr\u00f6sse einen h\u00f6heren SWI monet\u00e4r erzielen.<\/p>\n<p>[\/et_pb_text][\/et_pb_column][et_pb_column type=&#8220;2_3&#8243; _builder_version=&#8220;3.18&#8243; parallax=&#8220;off&#8220; parallax_method=&#8220;on&#8220;][et_pb_image src=&#8220;https:\/\/swiss-cow-index.ch\/wp-content\/uploads\/2022\/01\/BS-Stand-2022-Jan.jpg&#8220; show_in_lightbox=&#8220;on&#8220; _builder_version=&#8220;3.18&#8243;][\/et_pb_image][\/et_pb_column][\/et_pb_row][et_pb_row _builder_version=&#8220;3.18&#8243;][et_pb_column type=&#8220;4_4&#8243; _builder_version=&#8220;3.18&#8243; parallax=&#8220;off&#8220; parallax_method=&#8220;on&#8220;][et_pb_blurb title=&#8220;SWI monet\u00e4r- wie interpretieren?&#8220; admin_label=&#8220;Informationstext&#8220; _builder_version=&#8220;3.0.87&#8243; header_text_color=&#8220;#ffffff&#8220; header_font_size=&#8220;25&#8243; header_letter_spacing=&#8220;2px&#8220; header_line_height=&#8220;2em&#8220; body_line_height=&#8220;2em&#8220; background_color=&#8220;#009ee3&#8243; background_size=&#8220;initial&#8220; background_position=&#8220;top_left&#8220; background_repeat=&#8220;repeat&#8220; text_orientation=&#8220;center&#8220; use_border_color=&#8220;off&#8220; border_color=&#8220;#ffffff&#8220; border_style=&#8220;solid&#8220;][\/et_pb_blurb][et_pb_text _builder_version=&#8220;3.18&#8243;]<\/p>\n<p>Der Swiss Index wird neu als Frankenwert angegeben. Ein Stier mit einem SWI von 600 macht seine T\u00f6chter um Fr. 300.- pro Jahr genetisch besser. Der Wert kann also gleich, wie andere Zuchtwerte interpretiert werden. Die <a href=\"https:\/\/swiss-cow-index.ch\/?page_id=54\">Stierenempfehlungsliste<\/a> zeigen verf\u00fcgbare Stiere aller Milch- und Zweinutzungsrassen.<\/p>\n<p>[\/et_pb_text][\/et_pb_column][\/et_pb_row][et_pb_row _builder_version=&#8220;3.0.47&#8243; background_size=&#8220;initial&#8220; background_position=&#8220;top_left&#8220; background_repeat=&#8220;repeat&#8220;][et_pb_column type=&#8220;4_4&#8243; _builder_version=&#8220;3.0.47&#8243; parallax=&#8220;off&#8220; parallax_method=&#8220;on&#8220;][et_pb_text admin_label=&#8220;Text&#8220; _builder_version=&#8220;3.0.47&#8243; background_size=&#8220;initial&#8220; background_position=&#8220;top_left&#8220; background_repeat=&#8220;repeat&#8220; text_orientation=&#8220;center&#8220; module_alignment=&#8220;center&#8220;][\/et_pb_text][\/et_pb_column][\/et_pb_row][\/et_pb_section]<\/p>\n","protected":false},"excerpt":{"rendered":"<p>[et_pb_section fb_built=&#8220;1&#8243; _builder_version=&#8220;3.0.47&#8243;][et_pb_row _builder_version=&#8220;3.0.47&#8243; background_size=&#8220;initial&#8220; background_position=&#8220;top_left&#8220; background_repeat=&#8220;repeat&#8220;][et_pb_column type=&#8220;4_4&#8243; _builder_version=&#8220;3.0.47&#8243; parallax=&#8220;off&#8220; parallax_method=&#8220;on&#8220;][et_pb_blurb title=&#8220;Neuheit: %22Swiss Index monet\u00e4r%22 &#8220; admin_label=&#8220;Informationstext&#8220; _builder_version=&#8220;3.0.87&#8243; header_text_color=&#8220;#ffffff&#8220; header_font_size=&#8220;25&#8243; header_letter_spacing=&#8220;2px&#8220; header_line_height=&#8220;2em&#8220; body_line_height=&#8220;2em&#8220; background_color=&#8220;#009ee3&#8243; background_size=&#8220;initial&#8220; background_position=&#8220;top_left&#8220; background_repeat=&#8220;repeat&#8220; text_orientation=&#8220;center&#8220; use_border_color=&#8220;off&#8220; border_color=&#8220;#ffffff&#8220; border_style=&#8220;solid&#8220;][\/et_pb_blurb][\/et_pb_column][\/et_pb_row][et_pb_row custom_padding=&#8220;13px|0px|0|0px|false|false&#8220; _builder_version=&#8220;3.0.47&#8243; background_size=&#8220;initial&#8220; background_position=&#8220;top_left&#8220; background_repeat=&#8220;repeat&#8220;][et_pb_column type=&#8220;4_4&#8243; _builder_version=&#8220;3.0.47&#8243; parallax=&#8220;off&#8220; parallax_method=&#8220;on&#8220;][et_pb_text admin_label=&#8220;Text&#8220; _builder_version=&#8220;3.18&#8243; text_line_height=&#8220;2em&#8220; background_size=&#8220;initial&#8220; background_position=&#8220;top_left&#8220; background_repeat=&#8220;repeat&#8220; text_orientation=&#8220;center&#8220; module_alignment=&#8220;center&#8220; use_border_color=&#8220;off&#8220; border_color=&#8220;#ffffff&#8220; border_style=&#8220;solid&#8220;] Auf dem Weg zu [&hellip;]<\/p>\n","protected":false},"author":1,"featured_media":0,"parent":0,"menu_order":0,"comment_status":"open","ping_status":"open","template":"","meta":{"_et_pb_use_builder":"on","_et_pb_old_content":"","footnotes":""},"class_list":["post-120","page","type-page","status-publish","hentry"],"_links":{"self":[{"href":"https:\/\/swiss-cow-index.ch\/index.php?rest_route=\/wp\/v2\/pages\/120","targetHints":{"allow":["GET"]}}],"collection":[{"href":"https:\/\/swiss-cow-index.ch\/index.php?rest_route=\/wp\/v2\/pages"}],"about":[{"href":"https:\/\/swiss-cow-index.ch\/index.php?rest_route=\/wp\/v2\/types\/page"}],"author":[{"embeddable":true,"href":"https:\/\/swiss-cow-index.ch\/index.php?rest_route=\/wp\/v2\/users\/1"}],"replies":[{"embeddable":true,"href":"https:\/\/swiss-cow-index.ch\/index.php?rest_route=%2Fwp%2Fv2%2Fcomments&post=120"}],"version-history":[{"count":54,"href":"https:\/\/swiss-cow-index.ch\/index.php?rest_route=\/wp\/v2\/pages\/120\/revisions"}],"predecessor-version":[{"id":1483,"href":"https:\/\/swiss-cow-index.ch\/index.php?rest_route=\/wp\/v2\/pages\/120\/revisions\/1483"}],"wp:attachment":[{"href":"https:\/\/swiss-cow-index.ch\/index.php?rest_route=%2Fwp%2Fv2%2Fmedia&parent=120"}],"curies":[{"name":"wp","href":"https:\/\/api.w.org\/{rel}","templated":true}]}}